 is the tens digit of 364597?
9
What is the hundreds digit of 19736717?
7
What is the units digit of 247581?
1
What is the hundred thousands digit of 916615?
9
What is the tens digit of 7690235?
3
What is the tens digit of 9773593?
9
What is the thousands digit of 397892?
7
What is the hundred thousands digit of 1236010?
2
What is the thousands digit of 29857251?
7
What is the tens digit of 675149?
4
What is the hundred thousands digit of 315025?
3
What is the thousands digit of 4292286?
2
What is the ten thousands digit of 12587450?
8
What is the millions digit of 6716671?
6
What is the millions digit of 8792755?
8
What is the ten thousands digit of 361228?
6
What is the hundreds digit of 8454976?
9
What is the hundreds digit of 974880?
8
What is the millions digit of 1287915?
1
What is the tens digit of 452253?
5
What is the thousands digit of 9841963?
1
What is the hundreds digit of 373268?
2
What is the ten thousands digit of 7762705?
6
What is the thousands digit of 438397?
8
What is the tens digit of 405031?
3
What is the ten thousands digit of 1045681?
4
What is the hundreds digit of 4493860?
8
What is the hundreds digit of 202487?
4
What is the ten thousands digit of 379176?
7
What is the millions digit of 2496499?
2
What is the ten thousands digit of 483336?
8
What is the tens digit of 32858?
5
What is the millions digit of 1400273?
1
What is the thousands digit of 34907?
4
What is the tens digit of 15683570?
7
What is the units digit of 2743334?
4
What is the hundred thousands digit of 6617910?
6
What is the ten thousands digit of 2099981?
9
What is the millions digit of 15196343?
5
What is the ten thousands digit of 518090?
1
What is the millions digit of 6804696?
6
What is the tens digit of 176957?
5
What is the hundreds digit of 7283695?
6
What is the thousands digit of 2939820?
9
What is the tens digit of 333009?
0
What is the units digit of 135702?
2
What is the hundreds digit of 1213387?
3
What is the units digit of 2201917?
7
What is the tens digit of 1381436?
3
What is the units digit of 625592?
2
What is the units digit of 104750?
0
What is the tens digit of 5165557?
5
What is the ten thousands digit of 9410065?
1
What is the millions digit of 3650500?
3
What is the hundreds digit of 590601?
6
What is the hundreds digit of 6028259?
2
What is the thousands digit of 2457937?
7
What is the ten thousands digit of 24242376?
4
What is the hundreds digit of 1960949?
9
What is the hundred thousands digit of 187697?
1
What is the thousands digit of 472241?
2
What is the hundreds digit of 160048?
0
What is the millions digit of 10984269?
0
What is the hundreds digit of 19143909?
9
What is the tens digit of 232464?
6
What is the thousands digit of 8069201?
9
What is the tens digit of 1417457?
5
What is the units digit of 3260975?
5
What is the ten thousands digit of 420691?
2
What is the hundreds digit of 26883594?
5
What is the ten thousands digit of 579533?
7
What is the tens digit of 436231?
3
What is the thousands digit of 439802?
9
What is the thousands digit of 6763785?
3
What is the units digit of 309388?
8
What is the hundred thousands digit of 1084591?
0
What is the hundreds digit of 2056?
0
What is the tens digit of 27459070?
7
What is the millions digit of 7539947?
7
What is the tens digit of 458456?
5
What is the units digit of 385284?
4
What is the units digit of 56817?
7
What is the units digit of 496686?
6
What is the tens digit of 2538579?
7
What is the hundred thousands digit of 3720870?
7
What is the hundred thousands digit of 10555820?
5
What is the tens digit of 78778?
7
What is the millions digit of 11667835?
1
What is the thousands digit of 2415740?
5
What is the ten thousands digit of 5145846?
4
What is the thousands digit of 8871511?
1
What is the tens digit of 34907?
0
What is the thousands digit of 282323?
2
What is the ten thousands digit of 32781254?
8
What is the tens digit of 350748?
4
What is the tens digit of 474664?
6
What is the millions digit of 14875313?
4
What is the millions digit of 2374893?
2
What is the hundreds digit of 9248942?
9
What is the units digit of 2630847?
7
What is the units digit of 2403122?
2
What is the hundreds digit of 20724930?
9
What is the tens digit of 12832240?
4
What is the hundred thousands digit of 8027285?
0
What is the hundreds digit of 208574?
5
What is the units digit of 185907?
7
What is the hundreds digit of 715694?
6
What is the ten thousands digit of 4022640?
2
What is the tens digit of 385088?
8
What is the hundred thousands digit of 1346416?
3
What is the units digit of 10300040?
0
What is the units digit of 250596?
6
What is the ten thousands digit of 9041021?
4
What is the hundred thousands digit of 655176?
6
What is the tens digit of 1091978?
7
What is the thousands digit of 223447?
3
What is the tens digit of 472492?
9
What is the ten thousands digit of 52059?
5
What is the thousands digit of 37690141?
0
What is the units digit of 2820763?
3
What is the units digit of 2508282?
2
What is the thousands digit of 1570365?
0
What is the thousands digit of 13819?
3
What is the hundreds digit of 10074486?
4
What is the units digit of 1051939?
9
What is the thousands digit of 24911964?
1
What is the hundred thousands digit of 3866654?
8
What is the units digit of 17105519?
9
What is the ten thousands digit of 1542280?
4
What is the ten thousands digit of 12146924?
4
What is the hundreds digit of 78317?
3
What is the hundred thousands digit of 5558855?
5
What is the tens digit of 436051?
5
What is the millions digit of 6080942?
6
What is the units digit of 156297?
7
What is the ten thousands digit of 8969511?
6
What is the ten millions digit of 35889962?
3
What is the ten millions digit of 14464759?
1
What is the hundred thousands digit of 2326439?
3
What is the thousands digit of 90607?
0
What is the thousands digit of 4649393?
9
What is the tens digit of 237286?
8
What is the hundreds digit of 2814736?
7
What is the thousands digit of 3347125?
7
What is the thousands digit of 2093497?
3
What is the thousands digit of 4820296?
0
What is the units digit of 15598?
8
What is the units digit of 33871?
1
What is the thousands digit of 406708?
6
What is the tens digit of 544666?
6
What is the tens digit of 876205?
0
What is the thousands digit of 9914152?
4
What is the ten thousands digit of 2073898?
7
What is the hundred thousands digit of 1026781?
0
What is the tens digit of 2613981?
8
What is the units digit of 3042541?
1
What is the millions digit of 1140656?
1
What is the ten thousands digit of 1282162?
8
What is the ten thousands digit of 810177?
1
What is the millions digit of 3693122?
3
What is the hundreds digit of 217728?
7
What is the hundred thousands digit of 14835794?
8
What is the tens digit of 508861?
6
What is the ten thousands digit of 231411?
3
What is the ten thousands digit of 13765900?
6
What is the thousands digit of 234706?
4
What is the ten millions digit of 10596785?
1
What is the units digit of 111606?
6
What is the tens digit of 359934?
3
What is the ten millions digit of 21208994?
2
What is the units digit of 2262706?
6
What is the tens digit of 2564532?
3
What is the thousands digit of 2906863?
6
What is the ten thousands digit of 2298662?
9
What is the thousands digit of 21742477?
2
What is the hundred thousands digit of 1113036?
1
What is the hundreds digit of 7502635?
6
What is the hundreds digit of 517467?
4
What is the tens digit of 254747?
4
What is the hundred thousands digit of 134516?
1
What is the tens digit of 55709?
0
What is the ten thousands digit of 82866?
8
What is the hundred thousands digit of 6730373?
7
What is the hundreds digit of 1857896?
8
What is the ten thousands digit of 8410251?
1
What is the units digit of 6260414?
4
What is the hundreds digit of 797592?
5
What is the units digit of 110127?
7
What is the units digit of 564405?
5
What is the hundred thousands digit of 377303?
3
What is the thousands digit of 15029?
5
What is the tens digit of 4462670?
7
What is the ten thousands digit of 218762?
1
What is the units digit of 357413?
3
What is the units digit of 446069?
9
What is the tens digit of 4710570?
7
What is the tens digit of 1139545?
4
What is the ten millions digit of 29176409?
2
What is the tens digit